+ -30))?
31
-4 + 8 + 38 + 6 + 6 + -14
40
Calculate 12 - (1 - 13 - -12 - 10 - -2).
20
Calculate -21 + -2 + (-1 - 6) + -93 + 101.
-22
(-17 + 40 - -17) + 0
40
What is -1 + -126 - (-5 + 8) - (142 - 67 - 85)?
-120
What is the value of 14 + -1 + -1 - (-53 - (-6 + 11 - 12))?
58
Calculate 608 + -559 + (2 - 11).
40
14 + 52 + 12 + -12
66
Evaluate (-32 - -8 - -17 - (-28 + -3 + 4)) + 0.
20
138 - (151 + -65) - 83
-31
What is (38 - (5 + 6)) + -44?
-17
Evaluate 3 - -18 - 31 - (-2 + -1 + -31 + -2).
26
What is the value of 56 + 70 + (-20 - 35)?
71
Calculate 3 + ((317 - 316) + 0 + 13 - 18).
-1
What is -24 + -2 - (-14 - (-12 - 20))?
-44
What is the value of -24 + (103 - (117 - -12))?
-50
Calculate 48 + 1 - (2644 - 2559).
-36
Calculate -1 - (-44 - (-34 + 15 - -19)).
43
Evaluate -240 + 199 - (54 - 1).
-94
What is the value of (6 - 43) + -238 + 312?
37
Evaluate 27 - 1 - (125 + -53 + -16).
-30
What is the value of (2 - -92) + 224 + -449?
-131
Calculate (0 - (18 + -8)) + (11 - (3 + 0)) + -24.
-26
Calculate 4 + -3 + -24 - (205 - (-4 + 85)).
-147
Calculate 10 - (16 + -21) - 8 - -3 - (61 - 1).
-50
146 - (149 - -6 - -74)
-83
Calculate (-9 - (2 - (-13 - -24))) + 52 + -2.
50
What is the value of (3 - -34) + 56 + -64 - 55?
-26
Evaluate (-2 - 145) + 0 + (-17801 - -17804).
-144
Evaluate 1 - -8 - (115 + -118) - 10.
2
Evaluate -98 - -1 - (159 - 163) - (-12 - 1).
-80
What is the value of -5 + -9 + 23 - -32?
41
Evaluate -44 + (-2 - 7) + 5 + -8 + 1 + 9.
-46
Calculate (-9 - 3) + (23 + -8 - 7 - 27).
-31
Evaluate -2 + 96 - (-45 + 55 + -6 + 1).
89
What is the value of 20 - (-12 + 18) - (46 - 22)?
-10
Calculate 12 + (-63 - (3 - 64)) - (-1 - 96).
107
Evaluate -6 + 2 + -58 + (69 + -12 + -17 - 29).
-51
Calculate -165 - 1 - (10119 - 10224).
-61
Evaluate 146 + -62 + 6 + (22 - (0 + 1)).
111
1 + (12 - 0) + -19 + 62 + -4
52
What is the value of (-181 + 195 - (-2 + 0)) + -39?
-23
Calculate (-415 + 412 - (-2 + (-58 - -2))) + (-1 - -1).
55
What is the value of (-32 - -37) + 29 - 10 - 29?
-5
What is (-1 - 27) + 268 + -386 + 42?
-104
Calculate (-13 - -180) + -37 - 256.
-126
Evaluate -81 + -2 - (-10 - (-9 + (-4 - (-13 + 10)))).
-83
Calculate -45 + (86 - 25) + -5 + 78.
89
Calculate 0 - (21 + -99 + 53).
25
Evaluate (-3652 - -3532) + 0 + 86.
-34
Evaluate -1 - (50 - 16 - ((-6 - -14) + -13 + -5)).
-45
Calculate (40 - (19 - 9)) + -2 + -12 - 103.
-87
What is the value of 177 + -223 + 19 + 0 + 109?
82
What is the value of 1 + 7 + -21 - (3 + -55 - (-5 - -7))?
41
What is the value of 38 - (100 + -93 - (-35 + -2))?
-6
1 - (-5 - -13 - -2) - 12
-21
Calculate (-40 - -3) + 53 + -45 - -7.
-22
Calculate (122 - 100) + 7 + 0 + 21 + -20.
30
(-25 - 4) + 11 + (-97 - (-1 + 3))
-117
What is the value of 126 + 0 + -61 + (2 + 4 - (0 + 1))?
70
Calculate 4 + 0 - (33 - (13 + -15 - -17)).
-14
What is 0 + 8 + 408 + -395 - -27?
48
(-14 - -12) + 1 + -3 + -21
-25
Calculate (0 - -1 - -57) + (-1 - 252) + 270.
75
-58 + (13 + 7 + -13 - -32)
-19
Evaluate 24 + -95 + 55 + (-2 + 3 - -19).
4
137 - (296 + (-208 - -142))
-93
3 - 0 - (24 + 1 - (7 - 7 - -6))
-16
(2 + -3 - -4) + (0 + 68 - (1863 - 1804))
12
10 - ((5 - 21) + -13 + 21)
18
Evaluate (66 - 55) + -3 + -5 + -11 - 1.
-9
Evaluate (75 - 73) + -1 + 0 + (30 - 26).
5
Calculate 70 + 14 + (-11 - -14) + -20 + -10.
57
(-3 - (-4 - -7)) + (3 - -41)
38
What is the value of 18 + 108 + -13 + -51?
62
What is the value of 26 + -17 - (-20 - -26 - 4)?
7
What is (-23 - 28) + -1 - -103?
51
What is -12 + (0 + (4 - 9) - (-17 - 39))?
39
Evaluate -11 - (14 + (28 - (-7 - -2))).
-58
Evaluate 10 + (-2 + 1 - -4 - (-174 + 164)).
23
Evaluate (143 - 94) + (1 - (17 - 0)).
33
Evaluate (-35 - (-75 + 53)) + (41 - -1).
29
What is -12 + (12 - (67 + (1 - 7))) - (2 - 5)?
-58
What is -2 - (10 + 0) - (9 + 9 - 4)?
-26
What is -37 - (-42 - 2 - 17)?
24
Calculate -1 + 3 - (-20 + -3 - -53).
-28
7 + -13 + 2 + -92 + (-69 - -132)
-33
What is -49 - 2 - 0 - (55 + -47) - 5?
-64
Calculate 66 + (25 - 69) + 9.
31
What is the value of (-100 - (-11 + -24)) + -36 + -1 + -5?
-107
11 + 45 + (-18 - (5 + -12))
45
2 + -5 + (6 - 0) + (-11 - 27) + 1
-34
-160 - ((-65 - 39) + -32)
-24
(16 - (1 + 37) - -33) + -51 + -2 - -8
-34
What is the value of 43 - (-115 - -83) - 2?
73
What is the value of (-3 - 38 - 6) + 61?
14
Evaluate (-2 + 51 - -1) + -170 + 164 + (-6 - 2).
36
What is 79 - 41 - -5 - (1 + 7 + -2)?
37
Calculate 20 + (257 - 233) + (-28 - 1).
15
What is the value of 3 + 2 + -1 + (-10 - 0 - (51 + -3))?
-54
What is the value of -5 - (30 - (-51 - -52))?
-34
Calculate -7 + 13 - (2 + 1 + 4) - (-30 - -65).
-36
What is -45 + -5 + (-19 - -18) + 9 + -2?
-44
What is the value of 175 - 0 - (9245 + -9144)?
74
What is the value of -65 - (65 + -125) - -11?
6
What is 171 + (-19 + -106 - -55)?
101
-56 + (5 - (11 - -29) - -67)
-24
Evaluate 16 + 13 + (-18 - (-3 - -7)) + -38.
-31
Calculate 69 - (12 - (-10 + 13 - (4 - 3))).
59
What is -24 - (4 + (1 - 10)) - -26?
7
Calculate 11 - 8 - (1 + -32) - (9 + -19 + 6).
38
-6 - -16 - -5 - (-8 + 37 + -9)
-5
-3 + (3 - 19) - -1 - (-695 - -753)
-76
Calculate -5 - (-92 - (11 - 37 - 0)).
61
Calculate 1181 - 1222 - (-29 + -5 + 9).
-16
(28 + -37 - (4 - 31)) + 4 + 1 + 3
26
Evaluate -18 + (53 - (-28 - -5)) - (2 - -1).
55
Calculate 2 - -4 - (-75 - -105).
-24
What is 0 + 21 + (239 + 2 - 262)?
0
Evaluate 50 + -32 + -9 - (-1 + 1).
9
Evaluate (15 + -3 - 33 - -9 - -40) + -5 + 10.
33
-1919 + 1898 + (-6 + 3 + -1 + 3 - 4)
-26
Calculate 10 + (8 + 3 - (282 - 299)).
38
What is the value of -247 - -105 - -90 - 32?
-84
What is the value of (-52 - -109) + -67 + 11?
1
Evaluate ((15 - 7) + -55 - (7 - -9 - 8)) + -8.
-63
What is -4 + 1 + (-1 - (-13 + (13 - 6))) - -49?
51
Evaluate -2 + 8 + -2 + (3 - 0) + (-569 - -564).
2
-50 + 8 - (58 - 69)
-31
What is the value of (-3 + (2 - -22) - 14) + 1 + -110?
-102
2 + 62 - (402 - 345)
7
Evaluate ((3 - 14) + 19 - 24) + (3 - (-3 - -1)).
-11
Calculate 65 + -2 + 17 + (83 - 43) + -69.
51
What is the value of (56 - -4 - 60) + (0 - (0 - 0))?
0
-9 + 10 + 50 + -55
-4
0 + (-1 - 6) - ((23 - 11) + -38 + 47)
-28
What is -16 + 45 + -61 + 42?
10
Calculate 215 + 100 + 15 + -251.
79
What is (4 - (36 - 57)) + -69?
-44
Calculate (-53 - -42) + (4 - -7) + -43 + 5.
-38
45 + -42 + 5 + -19 + 17 - 1
5
Evaluate -1 - (0 + 1) - (32 - (31 - (39 - -7))).
-49
What is 145 + -152 - (47 + -1) - -15?
-38
What is -13 + 83 + (43 - 32) + -30?
51
28 - (-13 + (-2 - (-12 + -14)) - -2)
15
What is the value of -21 + -30 + (1 - 8) - (-14 - -3)?
-47
Calculate (-1 - (-9 + -4 + 9) - -6) + -47 + 19.
-19
What is 46 + (2 - -2) + -38?
12
55 + (89 - 214) + (3 - -3)
-64
Evaluate 49 - 36 - (52 + 6 - -3 - (-5 - -2)).
-51
Evaluate 12 + 21 + -2 + (5 - -44).
80
13 - (40 + 40 + 27 + -146)
52
Evaluate -1 + -1 - (8 + -16 - 0) - (9 + -10).
7
What is the value of 109 + 21 + (-17 - -9 - -2)?
124
(-21515 - -21477) + -44 + (2 - 1)
-81
What is (165 + -121 - 2) + -36?
6
What is the value of -2 - -5 - 8 - -16 - (33 + -44 + 14)?
8
Calculate (4 - -37) + (9 - 6) - (-3 + 6).
41
Evaluate (-202 - (22 + -248)) + 1 + 10.
35
Evaluate -134 - -78 - (-129 + 38).
35
What is 5 + 5 - (-194 + 204)?
0
What is the value of 44 - (-41 + (71 - 30)) - 33?
11
Calculate (175 - (-117 - -207)) + -2 + 4 + -2.
85
What is -218 + 199 - (-2 + 9)?
-26
What is the value of (-3 - (-2 + -2)) + 14 - (-807 + 716)?
106
-2 + -4 - (-24 + (0 - -29 - -48))
-59
What is 10 - (25 - ((-13 - -11) + 9 + -7))?
-15
266 + -250 + (5 - 0) + (-37 - 12)
-28
Calculate 6 + 12 + ((-14 - -6) + -7 - -2) + -40.
-35
-33 + (-2 - -5) + 62 + -82 + 10
-40
Calculate -146 - -79 - (9 + 2 - 4).
-74
Calculate 6 - 5 - (-7 + 3 - -6) - (-41 + 8).
32
What is -15 + -23 + (-28 - (11 + -26)) + 0?
-51
What is the value of 17 + 4 + -1 + 29 + -27 + -9?
13
(69 - 4) + -6 - -5 - (-16 + 26)
54
0 + -51 + (21 - 37) + 35
-32
99 + -117 + (100 - -9)
91
Calculate -54 - (11 + -18 + (8 - (13 - 10)) + 0).
-52
What is (59 - 89 - (46 + -33)) + 47?
4
Evaluate -104 - (70 - (47 - -74)).
-53
What is -21 - -11 - (9 + -22) - -43?
46
What is 124 - 151 - (14 + -1 - (1 + 4))?
-35
What is 1 + (76 + -109 - -41) + 0 + -2 + 4?
11
What is -6 + 2 + -2 - (-38 + (-14 - 14 - 1))?
61
What is the value of (-29 - -15 - 9) + -16 - -28?
-11
(-18 - -3) + -6 + (8 - -6) + 5
-2
Calculate -15 + (55 - 31) + (2 + -4 - 63 - 2).
-58
Evaluate -30 - -1 - (-15 - (15 - 19)).
-18
Calculate 37 + -1 + (-198 - -177) - 